 when 3889862 is divided by 185214?
368
What is the remainder when 1129772 is divided by 2018?
1710
What is the remainder when 287602 is divided by 231?
7
Calculate the remainder when 13251707 is divided by 1504.
1467
Calculate the remainder when 56354894 is divided by 70.
64
What is the remainder when 552117 is divided by 2884?
1273
Calculate the remainder when 730111716 is divided by 52.
48
Calculate the remainder when 3386629 is divided by 376.
373
Calculate the remainder when 70220168 is divided by 822.
818
Calculate the remainder when 52250697 is divided by 138.
33
Calculate the remainder when 1976579 is divided by 28.
3
Calculate the remainder when 28060417 is divided by 1897.
1890
Calculate the remainder when 920322 is divided by 230065.
62
What is the remainder when 9527 is divided by 947?
57
Calculate the remainder when 11231060 is divided by 69.
68
What is the remainder when 401270 is divided by 42?
2
Calculate the remainder when 52169 is divided by 1407.
110
Calculate the remainder when 57997478 is divided by 19.
16
Calculate the remainder when 177506 is divided by 1670.
486
Calculate the remainder when 3657538 is divided by 1105.
1093
What is the remainder when 2768824 is divided by 311?
302
What is the remainder when 24358 is divided by 3773?
1720
Calculate the remainder when 15292996 is divided by 88.
4
What is the remainder when 43621 is divided by 1016?
949
What is the remainder when 2594323 is divided by 2594240?
83
Calculate the remainder when 235260 is divided by 630.
270
Calculate the remainder when 1656770 is divided by 1755.
50
Calculate the remainder when 309775 is divided by 514.
347
Calculate the remainder when 838361 is divided by 5862.
95
Calculate the remainder when 156617742 is divided by 3654.
3648
What is the remainder when 9549209 is divided by 954919?
19
What is the remainder when 343908 is divided by 2321?
400
Calculate the remainder when 867402 is divided by 867385.
17
Calculate the remainder when 188375915 is divided by 599.
598
Calculate the remainder when 42663201 is divided by 24.
9
Calculate the remainder when 199792 is divided by 47167.
11124
What is the remainder when 47934 is divided by 47922?
12
Calculate the remainder when 101543 is divided by 19591.
3588
What is the remainder when 9171499 is divided by 5?
4
What is the remainder when 1623048 is divided by 227?
225
Calculate the remainder when 24626972 is divided by 23.
21
What is the remainder when 21442450 is divided by 3573726?
94
Calculate the remainder when 4623638 is divided by 1112.
1054
What is the remainder when 49836602 is divided by 1289?
1284
What is the remainder when 529672 is divided by 131?
39
Calculate the remainder when 110411 is divided by 55095.
221
Calculate the remainder when 379447297 is divided by 53.
51
What is the remainder when 30852286 is divided by 4291?
4287
Calculate the remainder when 4710 is divided by 1608.
1494
What is the remainder when 25545 is divided by 150?
45
Calculate the remainder when 10707891 is divided by 24.
3
Calculate the remainder when 584489 is divided by 29191.
669
Calculate the remainder when 592244197 is divided by 1547.
1546
Calculate the remainder when 4274903 is divided by 41.
38
What is the remainder when 79781604 is divided by 8864621?
15
Calculate the remainder when 353641 is divided by 20798.
75
Calculate the remainder when 19014399 is divided by 327.
3
What is the remainder when 63808 is divided by 259?
94
Calculate the remainder when 356913 is divided by 1760.
1393
What is the remainder when 525762073 is divided by 14?
11
What is the remainder when 2236498 is divided by 9?
7
Calculate the remainder when 3917286 is divided by 217626.
18
Calculate the remainder when 28925299 is divided by 22740.
19
What is the remainder when 410292 is divided by 221?
116
What is the remainder when 5279764 is divided by 8224?
8180
Calculate the remainder when 3053740 is divided by 293.
94
What is the remainder when 1440684 is divided by 728?
700
Calculate the remainder when 107848 is divided by 656.
264
Calculate the remainder when 10752206 is divided by 293.
278
What is the remainder when 318169 is divided by 52980?
289
Calculate the remainder when 363007 is divided by 1807.
1607
Calculate the remainder when 904796 is divided by 231.
200
Calculate the remainder when 462919 is divided by 25519.
3577
Calculate the remainder when 12768398 is divided by 399.
398
Calculate the remainder when 93162481 is divided by 64.
49
Calculate the remainder when 4270135 is divided by 2182.
2143
Calculate the remainder when 133967410 is divided by 1.
0
Calculate the remainder when 2161696 is divided by 277.
265
What is the remainder when 20482244 is divided by 476331?
11
Calculate the remainder when 7292 is divided by 253.
208
Calculate the remainder when 4193913 is divided by 83.
6
What is the remainder when 47608 is divided by 444?
100
Calculate the remainder when 45944 is divided by 15226.
266
Calculate the remainder when 385947 is divided by 96479.
31
What is the remainder when 143676 is divided by 2612?
16
Calculate the remainder when 202658 is divided by 15230.
4668
What is the remainder when 292831405 is divided by 371?
363
What is the remainder when 43830889 is divided by 64?
41
What is the remainder when 72062540 is divided by 199?
63
What is the remainder when 477674 is divided by 856?
26
What is the remainder when 2106599 is divided by 3251?
3202
What is the remainder when 85174 is divided by 2966?
2126
Calculate the remainder when 27199835 is divided by 119.
5
What is the remainder when 313205 is divided by 710?
95
Calculate the remainder when 9749056 is divided by 2.
0
Calculate the remainder when 71074 is divided by 9747.
2845
Calculate the remainder when 311382 is divided by 26.
6
What is the remainder when 23900 is divided by 11718?
464
What is the remainder when 2353853 is divided by 405?
398
Calculate the remainder when 24402 is divided by 24065.
337
Calculate the remainder when 5631804 is divided by 148205.
14
What is the remainder when 11851947 is divided by 653?
650
Calculate the remainder when 33389756 is divided by 174.
26
What is the remainder when 144901 is divided by 386?
151
Calculate the remainder when 23188916 is divided by 3864812.
44
Calculate the remainder when 288662 is divided by 4510.
22
Calculate the remainder when 2211848 is divided by 1024.
8
What is the remainder when 62814056 is divided by 7?
4
Calculate the remainder when 2718 is divided by 2219.
499
What is the remainder when 8663595 is divided by 15582?
3
What is the remainder when 598964 is divided by 19059?
8135
What is the remainder when 34850472 is divided by 189?
6
Calculate the remainder when 4819434 is divided by 23858.
118
Calculate the remainder when 172042 is divided by 2773.
116
What is the remainder when 16420869 is divided by 54736?
69
Calculate the remainder when 212619 is divided by 66281.
13776
Calculate the remainder when 451462 is divided by 1017.
931
What is the remainder when 2941570 is divided by 11141?
346
What is the remainder when 6186895 is divided by 814?
495
What is the remainder when 1389019 is divided by 5384?
5331
Calculate the remainder when 137902 is divided by 22971.
76
What is the remainder when 1521051 is divided by 380259?
15
Calculate the remainder when 877465 is divided by 7564.
41
What is the remainder when 8709379 is divided by 1141?
126
Calculate the remainder when 36163148 is divided by 1552.
1548
Calculate the remainder when 211251 is divided by 3522.
3453
Calculate the remainder when 133817 is divided by 16724.
25
What is the remainder when 483558 is divided by 120882?
30
What is the remainder when 261094513 is divided by 87031500?
13
What is the remainder when 46058 is divided by 1128?
938
What is the remainder when 124071 is divided by 61970?
131
Calculate the remainder when 803545 is divided by 401711.
123
Calculate the remainder when 1099441 is divided by 360.
1
What is the remainder when 716162 is divided by 13?
5
Calculate the remainder when 1188956 is divided by 1188879.
77
What is the remainder when 14020 is divided by 573?
268
Calculate the remainder when 519110 is divided by 8797.
87
Calculate the remainder when 647434 is divided by 1124.
10
What is the remainder when 288820